ainder when 6234 is divided by 1540.
74
Calculate the remainder when 56892 is divided by 9478.
24
Calculate the remainder when 54652 is divided by 18141.
229
What is the remainder when 30199 is divided by 302?
301
What is the remainder when 4420 is divided by 234?
208
What is the remainder when 19576 is divided by 68?
60
Calculate the remainder when 7991967 is divided by 13.
9
Calculate the remainder when 32361 is divided by 16172.
17
What is the remainder when 21315 is divided by 496?
483
Calculate the remainder when 176174 is divided by 130.
24
Calculate the remainder when 21188 is divided by 27.
20
Calculate the remainder when 66678 is divided by 1093.
5
What is the remainder when 15404 is divided by 257?
241
What is the remainder when 1311 is divided by 254?
41
What is the remainder when 2111 is divided by 130?
31
Calculate the remainder when 5800 is divided by 39.
28
What is the remainder when 445 is divided by 91?
81
What is the remainder when 7044 is divided by 1381?
139
What is the remainder when 2811 is divided by 61?
5
Calculate the remainder when 17019 is divided by 16.
11
What is the remainder when 7195 is divided by 320?
155
Calculate the remainder when 5968 is divided by 564.
328
What is the remainder when 733 is divided by 125?
108
Calculate the remainder when 809 is divided by 701.
108
Calculate the remainder when 39599 is divided by 235.
119
Calculate the remainder when 4492 is divided by 1904.
684
Calculate the remainder when 4954 is divided by 822.
22
What is the remainder when 1055 is divided by 263?
3
What is the remainder when 44026 is divided by 210?
136
Calculate the remainder when 1773 is divided by 582.
27
What is the remainder when 62663 is divided by 15665?
3
What is the remainder when 409569 is divided by 1379?
6
Calculate the remainder when 20198 is divided by 2911.
2732
What is the remainder when 331538 is divided by 11051?
8
Calculate the remainder when 497 is divided by 378.
119
What is the remainder when 828 is divided by 504?
324
What is the remainder when 3651 is divided by 176?
131
What is the remainder when 1100 is divided by 277?
269
What is the remainder when 3393 is divided by 29?
0
Calculate the remainder when 85856 is divided by 318.
314
What is the remainder when 535 is divided by 329?
206
What is the remainder when 17 is divided by 4?
1
What is the remainder when 1159 is divided by 167?
157
What is the remainder when 28724 is divided by 72?
68
What is the remainder when 6291 is divided by 90?
81
Calculate the remainder when 7241 is divided by 2.
1
What is the remainder when 26702 is divided by 42?
32
What is the remainder when 207899 is divided by 231?
230
What is the remainder when 27414 is divided by 3423?
30
Calculate the remainder when 14411 is divided by 15.
11
Calculate the remainder when 13863 is divided by 68.
59
What is the remainder when 2679920 is divided by 246?
242
What is the remainder when 7978 is divided by 84?
82
What is the remainder when 108314 is divided by 259?
52
What is the remainder when 36560 is divided by 39?
17
What is the remainder when 76449 is divided by 25470?
39
Calculate the remainder when 3503 is divided by 285.
83
Calculate the remainder when 12588 is divided by 24.
12
Calculate the remainder when 2243 is divided by 101.
21
What is the remainder when 8836 is divided by 8746?
90
What is the remainder when 2907 is divided by 551?
152
Calculate the remainder when 1156 is divided by 3.
1
What is the remainder when 472621 is divided by 613?
611
What is the remainder when 2286268 is divided by 45?
43
What is the remainder when 186242 is divided by 93116?
10
Calculate the remainder when 5161 is divided by 132.
13
What is the remainder when 1943 is divided by 619?
86
What is the remainder when 12299 is divided by 55?
34
Calculate the remainder when 84238 is divided by 234.
232
What is the remainder when 24818 is divided by 6194?
42
Calculate the remainder when 2957 is divided by 836.
449
Calculate the remainder when 248205 is divided by 48.
45
Calculate the remainder when 11024 is divided by 2752.
16
Calculate the remainder when 50829 is divided by 222.
213
Calculate the remainder when 39388 is divided by 104.
76
What is the remainder when 1780 is divided by 62?
44
What is the remainder when 35496 is divided by 80?
56
What is the remainder when 267623 is divided by 413?
412
Calculate the remainder when 29889 is divided by 9956.
21
Calculate the remainder when 2923 is divided by 2896.
27
Calculate the remainder when 117756 is divided by 75.
6
What is the remainder when 1555 is divided by 61?
30
Calculate the remainder when 53498 is divided by 26746.
6
What is the remainder when 11784 is divided by 2343?
69
What is the remainder when 8972 is divided by 62?
44
What is the remainder when 425 is divided by 148?
129
Calculate the remainder when 5959 is divided by 1346.
575
Calculate the remainder when 15794 is divided by 337.
292
What is the remainder when 19375 is divided by 19306?
69
Calculate the remainder when 198256 is divided by 99118.
20
What is the remainder when 8472 is divided by 149?
128
Calculate the remainder when 443240 is divided by 1238.
36
Calculate the remainder when 312 is divided by 165.
147
Calculate the remainder when 2360 is divided by 195.
20
What is the remainder when 4312 is divided by 53?
19
Calculate the remainder when 1448 is divided by 242.
238
Calculate the remainder when 3379 is divided by 81.
58
Calculate the remainder when 27805 is divided by 1113.
1093
What is the remainder when 49727 is divided by 56?
55
Calculate the remainder when 101985 is divided by 132.
81
Calculate the remainder when 11499 is divided by 79.
44
Calculate the remainder when 3182 is divided by 529.
8
Calculate the remainder when 59886 is divided by 14971.
2
What is the remainder when 16550233 is divided by 195?
193
Calculate the remainder when 7736 is divided by 487.
431
Calculate the remainder when 12765 is divided by 43.
37
Calculate the remainder when 21789 is divided by 1932.
537
What is the remainder when 4251 is divided by 1054?
35
Calculate the remainder when 28384 is divided by 114.
112
What is the remainder when 13366 is divided by 794?
662
Calculate the remainder when 101518 is divided by 360.
358
What is the remainder when 343 is divided by 143?
57
What is the remainder when 63293 is divided by 63291?
2
Calculate the remainder when 7315 is divided by 319.
297
Calculate the remainder when 15317198 is divided by 514.
512
Calculate the remainder when 4093 is divided by 178.
177
What is the remainder when 4659 is divided by 2778?
1881
Calculate the remainder when 8662 is divided by 234.
4
What is the remainder when 54854 is divided by 108?
98
Calculate the remainder when 159723 is divided by 20.
3
What is the remainder when 83182 is divided by 83150?
32
Calculate the remainder when 31634 is divided by 15799.
36
What is the remainder when 22219 is divided by 7396?
31
What is the remainder when 166367 is divided by 3139?
0
Calculate the remainder when 8230 is divided by 168.
166
What is the remainder when 5316 is divided by 706?
374
Calculate the remainder when 4287 is divided by 16.
15
What is the remainder when 96703 is divided by 47?
24
Calculate the remainder when 5080218 is divided by 922.
920
What is the remainder when 14411 is divided by 2881?
6
What is the remainder when 25571 is divided by 38?
35
Calculate the remainder when 7858 is divided by 3924.
10
Calculate the remainder when 12375 is divided by 156.
51
What is the remainder when 48804 is divided by 31?
10
Calculate the remainder when 16905 is divided by 141.
126
Calculate the remainder when 2426315 is divided by 86.
83
What is the remainder when 224218 is divided by 104?
98
What is the remainder when 7879 is divided by 57?
13
What is the remainder when 12595 is divided by 1928?
1027
Calculate the remainder when 4719 is divided by 150.
69
What is the remainder when 7615 is divided by 296?
215
What is the remainder when 161106 is divided by 5555?
11
Calculate the remainder when 29009 is divided by 30.
29
What is the remainder when 91063 is divided by 90?
73
What is the remainder when 196341 is divided by 773?
772
Calculate the remainder when 31412 is divided by 132.
128
Calculate the remainder when 14